ainder when c(-4) is divided by q.
19
Let v = 6009 + -3826. What is the remainder when v is divided by 14?
13
Let a(c) = 14*c**3 + 17*c**2 + 103*c + 61. What is the remainder when a(11) is divided by 96?
93
Let n(q) = 5*q**2 - 5*q + 4. Let m be 1 - (-6)/3 - -1. Let g be n(m). Let t = g - 51. What is the remainder when t is divided by 7?
6
Suppose -2*l = 4*m - 786, -365*l + 6*m = -366*l + 397. What is the remainder when l is divided by 118?
37
Let k(r) = r**2 - 43*r - 426. What is the remainder when -1 - 0 - (-744)/3 is divided by k(52)?
37
Let n(o) = 5*o**2 - 7*o - 1. Suppose -62*h - 138*h + 9520 = -4480. Calculate the remainder when n(6) is divided by h.
67
Let a(h) = -h - 5. Let w be a(-13). Let t(d) be the second derivative of d**4/4 - 7*d**3/3 - d**2 + 158*d. Calculate the remainder when t(w) is divided by 28.
22
Suppose 2*m - d - 598 = -534, -2*m + 64 = 2*d. Calculate the remainder when 742 is divided by m.
6
Let d(w) be the third derivative of w**5/60 + w**4/12 - w**3 - w**2. Calculate the remainder when d(-4) is divided by 1 - (6 + -6) - 0.
0
Suppose i - 2*i + 329 = 0. Let z = -81155 + 81188. Calculate the remainder when i is divided by z.
32
Let v(p) = -18*p - 37. Let b(r) = -2*r**2 - 10*r - 4. Let q be b(-5). Calculate the remainder when v(q) is divided by (-2)/(-8) - 23/(-4).
5
Let m = 32 - 19. Suppose 0 = -3*c - 33 + 69 - 33. What is the remainder when m is divided by c?
0
Suppose 55874 = 37*h + 54*h. What is the remainder when h is divided by 56?
54
Let p = 2764 + -2729. Calculate the remainder when 207 is divided by p.
32
Let v = -318 - -630. Let m be (-2)/7 - (3 - 51/7). Calculate the remainder when m/26 - (-8376)/v is divided by 15.
12
Let y(a) = -12*a - 17 - 12 - 1 + 9 - 9 - a**2. Calculate the remainder when 19 is divided by y(-5).
4
Suppose -18652 = 271*y + 15591 - 184919. What is the remainder when y is divided by 124?
60
Let k(b) = b**3 - b**2 + b - 2. Let u be k(0). Calculate the remainder when 2/(u/(-87)) + -1 is divided by (-1596)/133 + 40 + 1.
28
Let i = 3246 + -3005. Calculate the remainder when i is divided by 44.
21
Let m(l) = l**2 + 9*l + 14. Let q = -30 + 32. Calculate the remainder when m(-8) is divided by 18 + -15 - 2/q.
0
Suppose -5*j - 377 = 2*a - 8, -a = -4*j + 204. Let p = a + 382. Calculate the remainder when p is divided by 51.
37
Let z(r) = 5*r**2 + 526*r - 6386. Calculate the remainder when z(12) is divided by 21.
16
Let g(n) = 46 - 65*n + 15*n**2 - 9*n**2 - 3*n**2. Suppose -5*j = v - 56 + 18, 0 = 2*v + 3*j - 41. What is the remainder when v is divided by g(21)?
1
Suppose 5*d + 13 - 1 = 2*u, 0 = 2*u - d - 4. Suppose -2*x + u = -2*q - 7, 4*q - 5 = x. Calculate the remainder when (-60)/(-120)*76/2 is divided by x.
5
Suppose z - 1635 = -l, 0 = z - 6. What is the remainder when l is divided by 10?
9
Let r(n) = 40 - n + 7*n + 30 - 61. What is the remainder when r(3) is divided by 12?
3
Suppose -112*l + 65702 = -99*l. What is the remainder when l is divided by 20?
14
Let k = -82 + 83. Let o be -84*k*20/16. Let i = o + 121. What is the remainder when 190 is divided by i?
14
Calculate the remainder when 181 is divided by 1/3 - (-18450)/1107.
11
Let s(r) = -r**3 - 23*r**2 - 22*r - 7. Let v be s(-22). Let t = -2 - v. What is the remainder when -3 + 22/6 + (-19)/(-3) is divided by t?
2
Let b = 1131 + 892. Calculate the remainder when b is divided by 127.
118
Suppose -6 = 6*j - 8*j. What is the remainder when ((-51)/(-68))/((-1)/(-236)) is divided by j/(-5) + (-206)/(-10)?
17
Let s(r) = -r**3 + 7*r**2 + 22*r - 21. Let x be s(9). Suppose a - x = -0*a. Suppose a*j = 16*j - 13. What is the remainder when 35 is divided by j?
9
Suppose -10 = -44*r + 49*r, 5*s = 6*r + 1132. What is the remainder when s is divided by 213?
11
Let u = -575 - -527. Let f = u + 54. What is the remainder when 154 is divided by f?
4
Let s(n) = 24*n + 23. Let b be s(14). Suppose 3*p = 3*x + 258, -68 = -5*p + 4*x + b. Calculate the remainder when p is divided by 42.
41
Let r be 79816/242 - 2/(-11). Suppose 0 = -172*z + 178*z - r. What is the remainder when 321 is divided by z?
46
Let w(g) = 3*g**3 + 34*g**2 + 37*g + 42. What is the remainder when 1013 is divided by w(-10)?
5
Let f = 4242 + -4112. What is the remainder when 386 is divided by f?
126
Let h(n) = 14 - 5 - 2*n**2 - 7 + 2*n. Let v be h(3). What is the remainder when 179 is divided by (10/8)/(v/(-360))?
44
Suppose 72*v - 2232 = 60*v. Let h = 210 - v. Calculate the remainder when 359 is divided by h.
23
What is the remainder when ((-1270565)/(-6))/5 - 3915/(-4698) is divided by 21?
17
Let w(q) = 1174 - 3*q**3 + 6*q**2 - 4*q - 7*q + 4*q**3 - 1196. Calculate the remainder when w(-4) is divided by 11.
10
Let q = 47 + -10. Let y(f) = -4*f + 88. Let c be ((-6)/3 - 49)*(-2)/6. Calculate the remainder when q is divided by y(c).
17
Let t(m) = -98*m - 6188. What is the remainder when t(-72) is divided by 171?
13
Suppose 39 = y - 0*y. Let r = 55 - y. Suppose 6*o - 155 = 115. Calculate the remainder when o is divided by r.
13
Suppose 13*l - 24*l = 66. Calculate the remainder when 24/l + 7 - -112 is divided by 13.
11
Suppose 45*m + 4674 = 7*z + 40*m, -z + 666 = -m. Calculate the remainder when z is divided by 169.
165
Suppose 10*r + 252 = 12*r. Let s = r - 8. Calculate the remainder when s is divided by (-5 + 11/2)/((-2)/(-120)).
28
Suppose 18*u - 147 = -15*u - 16*u. Calculate the remainder when 698 is divided by u.
2
Let p(l) = 2 - 3*l - 10*l**3 + 6 - 36*l**2 + 31*l**2 - 1. What is the remainder when p(-3) is divided by 27?
25
Suppose -16 = -5*u + 2*q, -4*q - 5 = 2*u - q. Suppose 135 = u*s - 12*b + 9*b, -3*b - 267 = -4*s. What is the remainder when s is divided by 61?
5
Let y(p) = -145*p + 3107. What is the remainder when y(4) is divided by 120?
7
Suppose 5*p - p = 32. Let i(h) = -h**3 - 3*h**2 - 24*h - 30. What is the remainder when i(-5) is divided by p?
4
Suppose -2*i + 4*w + 7238 = 0, i - 5*i - w = -14431. Suppose -6*n - i = -3693. What is the remainder when 15 is divided by n?
1
Let i(j) = -2*j**3 + 3*j**2 + 24*j - 5. Suppose -3*g = -2*t - 102 + 9, -g + 31 = 4*t. Calculate the remainder when g is divided by i(-3).
3
Let a(r) = -3*r - 25. Let c be a(-10). Suppose 165 = -3*o + c*t, 5*t + 141 = -4*o - 79. Calculate the remainder when 28 is divided by 1/((-60)/o + -1).
6
Let i(g) = -2*g**2 - 52*g - 23. Let a be i(-27). Let b = 5 + 5. Calculate the remainder when ((7722/a)/26)/((-1)/7) is divided by b.
7
Calculate the remainder when 15547 is divided by ((-8)/(-3))/2*((-9009)/(-36) - 17).
308
Let y(v) = v**2 - v. Let s(o) = o**3 + 9*o**2 - 9*o. Let n(k) = -s(k) + 4*y(k). Let q be (-9)/4*24/9. Calculate the remainder when 8 is divided by n(q).
2
Suppose -3*j = -3*l + 225, -7*l = -12*l - 5*j + 415. What is the remainder when 941 is divided by l?
72
Let q = -35707 + 36551. What is the remainder when q is divided by 12?
4
Let v = 47 - 43. Suppose 4*q = -v*h - 388, -q - 21 - 177 = 2*h. Let d = h + 145. Calculate the remainder when d is divided by 8.
4
Let d be -2*15/20*76/(-6). Suppose -d*t = -3567 - 5154. What is the remainder when t is divided by 22?
19
Let l(a) = -1185*a + 37924. Let c = 135 + -24. What is the remainder when c is divided by l(32)?
3
Suppose 132*a - 648 = 129*a. Suppose 233*o = a*o + 68. Let l(s) = -s**3 - s**2 - s + 3. Calculate the remainder when o is divided by l(0).
1
Calculate the remainder when -225*((-154)/33 + 3) is divided by 38.
33
Suppose -244*u = -49*u - 36075. Calculate the remainder when 2580 is divided by u.
175
What is the remainder when 5289 is divided by (-3)/(-54)*8 - (-7)/(630/1760)?
9
Let c = 4 + -4. Let d(h) = -13*h + 23. What is the remainder when d(c) is divided by 13?
10
Let i(x) = 361*x - 625*x + 362*x - 139. Calculate the remainder when i(3) is divided by 72.
11
Suppose 20 = 3*d - 4*f - 2, 3*d - 67 = -5*f. Suppose d*z - 8*z = -6. Calculate the remainder when 59 is divided by 4 + -3 + -1 + (-16)/z.
11
Suppose -20*u + 18 = -22. Suppose -4*c + 43 = n, 104 = u*n + 2*n - c. Calculate the remainder when 72 is divided by n.
18
What is the remainder when 392 is divided by (-3)/(-5) + (-4284)/(-85) - 0?
35
Let x(m) = 33*m - 180. Let u be x(8). Suppose 36*h = 15*h + u. What is the remainder when 4 is divided by h?
0
Suppose -2*g + 5*g + 217 = 4*a, 0 = 5*a + 2*g - 300